{"id":10,"date":"2020-06-11T18:27:35","date_gmt":"2020-06-11T18:27:35","guid":{"rendered":"http:\/\/batista.biz\/wp54\/?page_id=10"},"modified":"2020-06-11T18:27:35","modified_gmt":"2020-06-11T18:27:35","slug":"sobre","status":"publish","type":"page","link":"http:\/\/batista.biz\/wp54\/sobre\/","title":{"rendered":"Sobre"},"content":{"rendered":"\n<p>Poder\u00e1 ser um artista que pretende apresentar-se e mostrar o seu trabalho, ou poder\u00e1 ser uma empresa com uma miss\u00e3o para descrever.<\/p>\n","protected":false},"excerpt":{"rendered":"<p>Poder\u00e1 ser um artista que pretende apresentar-se e mostrar o seu trabalho, ou poder\u00e1 ser uma empresa com uma miss\u00e3o para descrever.<\/p>\n","protected":false},"author":1,"featured_media":7,"parent":0,"menu_order":0,"comment_status":"closed","ping_status":"closed","template":"","meta":[],"_links":{"self":[{"href":"http:\/\/batista.biz\/wp54\/wp-json\/wp\/v2\/pages\/10"}],"collection":[{"href":"http:\/\/batista.biz\/wp54\/wp-json\/wp\/v2\/pages"}],"about":[{"href":"http:\/\/batista.biz\/wp54\/wp-json\/wp\/v2\/types\/page"}],"author":[{"embeddable":true,"href":"http:\/\/batista.biz\/wp54\/wp-json\/wp\/v2\/users\/1"}],"replies":[{"embeddable":true,"href":"http:\/\/batista.biz\/wp54\/wp-json\/wp\/v2\/comments?post=10"}],"version-history":[{"count":1,"href":"http:\/\/batista.biz\/wp54\/wp-json\/wp\/v2\/pages\/10\/revisions"}],"predecessor-version":[{"id":25,"href":"http:\/\/batista.biz\/wp54\/wp-json\/wp\/v2\/pages\/10\/revisions\/25"}],"wp:featuredmedia":[{"embeddable":true,"href":"http:\/\/batista.biz\/wp54\/wp-json\/wp\/v2\/media\/7"}],"wp:attachment":[{"href":"http:\/\/batista.biz\/wp54\/wp-json\/wp\/v2\/media?parent=10"}],"curies":[{"name":"wp","href":"https:\/\/api.w.org\/{rel}","templated":true}]}}